{"id":208,"date":"2019-05-01T11:01:52","date_gmt":"2019-05-01T09:01:52","guid":{"rendered":"http:\/\/www.cgdressage.fr\/?page_id=208"},"modified":"2021-01-12T09:08:34","modified_gmt":"2021-01-12T08:08:34","slug":"coaching-stages","status":"publish","type":"page","link":"https:\/\/www.cgdressage.fr\/index.php\/coaching-stages\/","title":{"rendered":"COACHING &#038; STAGES"},"content":{"rendered":"\t\t<div data-elementor-type=\"wp-post\" data-elementor-id=\"208\" class=\"elementor elementor-208 elementor-bc-flex-widget\" data-elementor-settings=\"[]\">\n\t\t\t\t\t\t<div class=\"elementor-inner\">\n\t\t\t\t\t\t\t<div class=\"elementor-section-wrap\">\n\t\t\t\t\t\t\t<section class=\"elementor-section elementor-top-section elementor-element elementor-element-4c0f0c3 elementor-section-boxed elementor-section-height-default elementor-section-height-default\" data-id=\"4c0f0c3\" data-element_type=\"section\">\n\t\t\t\t\t\t<div class=\"elementor-container elementor-column-gap-default\">\n\t\t\t\t\t\t\t<div class=\"elementor-row\">\n\t\t\t\t\t<div class=\"elementor-column elementor-col-100 elementor-top-column elementor-element elementor-element-9c4e351\" data-id=\"9c4e351\" data-element_type=\"column\">\n\t\t\t<div class=\"elementor-column-wrap elementor-element-populated\">\n\t\t\t\t\t\t\t<div class=\"elementor-widget-wrap\">\n\t\t\t\t\t\t<div class=\"elementor-element elementor-element-e6b6c87 elementor-widget elementor-widget-heading\" data-id=\"e6b6c87\" data-element_type=\"widget\" data-widget_type=\"heading.default\">\n\t\t\t\t<div class=\"elementor-widget-container\">\n\t\t\t<h2 class=\"elementor-heading-title elementor-size-default\">COACHING &amp; STAGES<br><\/h2>\t\t<\/div>\n\t\t\t\t<\/div>\n\t\t\t\t<div class=\"elementor-element elementor-element-adce0d7 elementor-widget elementor-widget-image\" data-id=\"adce0d7\" data-element_type=\"widget\" data-widget_type=\"image.default\">\n\t\t\t\t<div class=\"elementor-widget-container\">\n\t\t\t\t\t<div class=\"elementor-image\">\n\t\t\t\t\t\t\t\t\t\t<img width=\"828\" height=\"874\" src=\"https:\/\/www.cgdressage.fr\/wp-content\/uploads\/2019\/05\/60224732_643534172774639_98623220894138368_n.jpg\" class=\"attachment-large size-large\" alt=\"\" loading=\"lazy\" srcset=\"https:\/\/www.cgdressage.fr\/wp-content\/uploads\/2019\/05\/60224732_643534172774639_98623220894138368_n.jpg 828w, https:\/\/www.cgdressage.fr\/wp-content\/uploads\/2019\/05\/60224732_643534172774639_98623220894138368_n-284x300.jpg 284w, https:\/\/www.cgdressage.fr\/wp-content\/uploads\/2019\/05\/60224732_643534172774639_98623220894138368_n-768x811.jpg 768w\" sizes=\"(max-width: 828px) 100vw, 828px\" \/>\t\t\t\t\t\t\t\t\t\t\t<\/div>\n\t\t\t\t<\/div>\n\t\t\t\t<\/div>\n\t\t\t\t<div class=\"elementor-element elementor-element-8cc1ab7 elementor-widget elementor-widget-spacer\" data-id=\"8cc1ab7\" data-element_type=\"widget\" data-widget_type=\"spacer.default\">\n\t\t\t\t<div class=\"elementor-widget-container\">\n\t\t\t\t\t<div class=\"elementor-spacer\">\n\t\t\t<div class=\"elementor-spacer-inner\"><\/div>\n\t\t<\/div>\n\t\t\t\t<\/div>\n\t\t\t\t<\/div>\n\t\t\t\t<div class=\"elementor-element elementor-element-f8dfe25 elementor-widget elementor-widget-text-editor\" data-id=\"f8dfe25\" data-element_type=\"widget\" data-widget_type=\"text-editor.default\">\n\t\t\t\t<div class=\"elementor-widget-container\">\n\t\t\t\t\t<div class=\"elementor-text-editor elementor-clearfix\"><p class=\"MsoNormal\" style=\"margin: 0cm 0cm 0.0001pt; font-size: medium; font-family: Calibri, sans-serif; caret-color: #000000; color: #000000;\">C\u00e9dric enseigne le Dressage \u00e0 l\u2019ann\u00e9e au sein de ses \u00e9curies, mais \u00e9galement \u00e0 l\u2019ext\u00e9rieur en France puis \u00e0 l\u2019\u00e9tranger, ouvert aux cavaliers amateurs et professionnels de dressage, CSO et complet. R\u00e9guli\u00e8rement engag\u00e9s sur les concours nationaux et internationaux C\u00e9dric peut vous accompagner tout au long de vos \u00e9preuves (Possibilit\u00e9s de d\u00e9placements).<\/p><p class=\"MsoNormal\" style=\"margin: 0cm 0cm 0.0001pt; font-size: medium; font-family: Calibri, sans-serif; caret-color: #000000; color: #000000;\">\u00a0<\/p><h4 class=\"MsoNormal\" style=\"margin: 0cm 0cm 0.0001pt; font-size: medium; font-family: Calibri, sans-serif; caret-color: #000000; color: #000000;\"><strong>Vous souhaitez prendre une le\u00e7on particuli\u00e8re au sein de nos \u00e9curies\u00a0?<\/strong><\/h4><h4 class=\"MsoNormal\" style=\"margin: 0cm 0cm 0.0001pt; font-size: medium; font-family: Calibri, sans-serif; caret-color: #000000; color: #000000;\"><strong>Organiser un stage ?<\/strong><\/h4><h4 class=\"MsoNormal\" style=\"margin: 0cm 0cm 0.0001pt; font-size: medium; font-family: Calibri, sans-serif; caret-color: #000000; color: #000000;\"><strong>\u00catre coach\u00e9 lors d\u2019un concours en France ou \u00e0 l\u2019international\u00a0?<\/strong><\/h4><div><strong>\u00a0<\/strong><\/div><p class=\"MsoNormal\" style=\"margin: 0cm 0cm 0.0001pt; font-size: medium; font-family: Calibri, sans-serif; caret-color: #000000; color: #000000;\">N\u2019h\u00e9sitez pas \u00e0 prendre contact avec nous par e-mail pour toutes informations concernant les tarifs ou pour une demande de devis personnalis\u00e9.<\/p><\/div>\n\t\t\t\t<\/div>\n\t\t\t\t<\/div>\n\t\t\t\t<div class=\"elementor-element elementor-element-36d5640 elementor-widget elementor-widget-spacer\" data-id=\"36d5640\" data-element_type=\"widget\" data-widget_type=\"spacer.default\">\n\t\t\t\t<div class=\"elementor-widget-container\">\n\t\t\t\t\t<div class=\"elementor-spacer\">\n\t\t\t<div class=\"elementor-spacer-inner\"><\/div>\n\t\t<\/div>\n\t\t\t\t<\/div>\n\t\t\t\t<\/div>\n\t\t\t\t<div class=\"elementor-element elementor-element-f674d6b elementor-button-warning elementor-align-center elementor-widget elementor-widget-button\" data-id=\"f674d6b\" data-element_type=\"widget\" data-widget_type=\"button.default\">\n\t\t\t\t<div class=\"elementor-widget-container\">\n\t\t\t\t\t<div class=\"elementor-button-wrapper\">\n\t\t\t<a href=\"mailto:ecuriecgdressage@gmail.com\" class=\"elementor-button-link elementor-button elementor-size-xl\" role=\"button\">\n\t\t\t\t\t\t<span class=\"elementor-button-content-wrapper\">\n\t\t\t\t\t\t<span class=\"elementor-button-icon elementor-align-icon-left\">\n\t\t\t\t\t\t\t\t\t<i class=\"fa fa-mail-forward\" aria-hidden=\"true\"><\/i>\n\t\t\t\t\t\t\t<\/span>\n\t\t\t\t\t\t<span class=\"elementor-button-text\">CONTATEZ-NOUS<\/span>\n\t\t<\/span>\n\t\t\t\t\t<\/a>\n\t\t<\/div>\n\t\t\t\t<\/div>\n\t\t\t\t<\/div>\n\t\t\t\t\t\t<\/div>\n\t\t\t\t\t<\/div>\n\t\t<\/div>\n\t\t\t\t\t\t\t\t<\/div>\n\t\t\t\t\t<\/div>\n\t\t<\/section>\n\t\t\t\t\t\t<\/div>\n\t\t\t\t\t\t<\/div>\n\t\t\t\t\t<\/div>\n\t\t","protected":false},"excerpt":{"rendered":"<p>COACHING &amp; STAGES C\u00e9dric enseigne le Dressage \u00e0 l\u2019ann\u00e9e au sein de ses \u00e9curies, mais \u00e9galement \u00e0 l\u2019ext\u00e9rieur en France puis \u00e0 l\u2019\u00e9tranger, ouvert aux cavaliers amateurs et professionnels de dressage, CSO et complet. R\u00e9guli\u00e8rement engag\u00e9s sur les concours nationaux et internationaux C\u00e9dric peut vous accompagner tout au long de vos \u00e9preuves (Possibilit\u00e9s de d\u00e9placements).<\/p>\n<div><a class=\"btn-filled btn\" href=\"https:\/\/www.cgdressage.fr\/index.php\/coaching-stages\/\" title=\"COACHING &#038; STAGES\">Lire la suite<\/a><\/div>\n","protected":false},"author":1,"featured_media":0,"parent":0,"menu_order":0,"comment_status":"closed","ping_status":"closed","template":"page-templates\/no-sidebar.php","meta":[],"_links":{"self":[{"href":"https:\/\/www.cgdressage.fr\/index.php\/wp-json\/wp\/v2\/pages\/208"}],"collection":[{"href":"https:\/\/www.cgdressage.fr\/index.php\/wp-json\/wp\/v2\/pages"}],"about":[{"href":"https:\/\/www.cgdressage.fr\/index.php\/wp-json\/wp\/v2\/types\/page"}],"author":[{"embeddable":true,"href":"https:\/\/www.cgdressage.fr\/index.php\/wp-json\/wp\/v2\/users\/1"}],"replies":[{"embeddable":true,"href":"https:\/\/www.cgdressage.fr\/index.php\/wp-json\/wp\/v2\/comments?post=208"}],"version-history":[{"count":13,"href":"https:\/\/www.cgdressage.fr\/index.php\/wp-json\/wp\/v2\/pages\/208\/revisions"}],"predecessor-version":[{"id":342,"href":"https:\/\/www.cgdressage.fr\/index.php\/wp-json\/wp\/v2\/pages\/208\/revisions\/342"}],"wp:attachment":[{"href":"https:\/\/www.cgdressage.fr\/index.php\/wp-json\/wp\/v2\/media?parent=208"}],"curies":[{"name":"wp","href":"https:\/\/api.w.org\/{rel}","templated":true}]}}