{"id":218,"date":"2019-05-01T11:11:36","date_gmt":"2019-05-01T09:11:36","guid":{"rendered":"http:\/\/www.cgdressage.fr\/?page_id=218"},"modified":"2024-07-03T00:21:14","modified_gmt":"2024-07-02T22:21:14","slug":"pension-valorisation-commercialisation","status":"publish","type":"page","link":"https:\/\/www.cgdressage.fr\/index.php\/pension-valorisation-commercialisation\/","title":{"rendered":"PENSION VALORISATION &#038; COMMERCIALISATION"},"content":{"rendered":"\t\t<div data-elementor-type=\"wp-post\" data-elementor-id=\"218\" class=\"elementor elementor-218\" data-elementor-settings=\"[]\">\n\t\t\t\t\t\t<div class=\"elementor-inner\">\n\t\t\t\t\t\t\t<div class=\"elementor-section-wrap\">\n\t\t\t\t\t\t\t<section class=\"elementor-section elementor-top-section elementor-element elementor-element-a61d4b3 elementor-section-boxed elementor-section-height-default elementor-section-height-default\" data-id=\"a61d4b3\" data-element_type=\"section\">\n\t\t\t\t\t\t<div class=\"elementor-container elementor-column-gap-default\">\n\t\t\t\t\t\t\t<div class=\"elementor-row\">\n\t\t\t\t\t<div class=\"elementor-column elementor-col-100 elementor-top-column elementor-element elementor-element-e635a54\" data-id=\"e635a54\" data-element_type=\"column\">\n\t\t\t<div class=\"elementor-column-wrap elementor-element-populated\">\n\t\t\t\t\t\t\t<div class=\"elementor-widget-wrap\">\n\t\t\t\t\t\t<div class=\"elementor-element elementor-element-17e47dc elementor-widget elementor-widget-heading\" data-id=\"17e47dc\" data-element_type=\"widget\" data-widget_type=\"heading.default\">\n\t\t\t\t<div class=\"elementor-widget-container\">\n\t\t\t<h2 class=\"elementor-heading-title elementor-size-xl\">PENSION VALORISATION &amp; COMMERCIALISATION<\/h2>\t\t<\/div>\n\t\t\t\t<\/div>\n\t\t\t\t<div class=\"elementor-element elementor-element-66fb22c elementor-widget elementor-widget-image\" data-id=\"66fb22c\" data-element_type=\"widget\" data-widget_type=\"image.default\">\n\t\t\t\t<div class=\"elementor-widget-container\">\n\t\t\t\t\t<div class=\"elementor-image\">\n\t\t\t\t\t\t\t\t\t\t<img width=\"1024\" height=\"784\" src=\"https:\/\/www.cgdressage.fr\/wp-content\/uploads\/2024\/07\/IMG_7094-1-1024x784.jpg\" class=\"attachment-large size-large\" alt=\"\" loading=\"lazy\" srcset=\"https:\/\/www.cgdressage.fr\/wp-content\/uploads\/2024\/07\/IMG_7094-1-1024x784.jpg 1024w, https:\/\/www.cgdressage.fr\/wp-content\/uploads\/2024\/07\/IMG_7094-1-300x230.jpg 300w, https:\/\/www.cgdressage.fr\/wp-content\/uploads\/2024\/07\/IMG_7094-1-768x588.jpg 768w, https:\/\/www.cgdressage.fr\/wp-content\/uploads\/2024\/07\/IMG_7094-1.jpg 1440w\" sizes=\"(max-width: 1024px) 100vw, 1024px\" \/>\t\t\t\t\t\t\t\t\t\t\t<\/div>\n\t\t\t\t<\/div>\n\t\t\t\t<\/div>\n\t\t\t\t<div class=\"elementor-element elementor-element-a92eff7 elementor-widget elementor-widget-spacer\" data-id=\"a92eff7\" data-element_type=\"widget\" data-widget_type=\"spacer.default\">\n\t\t\t\t<div class=\"elementor-widget-container\">\n\t\t\t\t\t<div class=\"elementor-spacer\">\n\t\t\t<div class=\"elementor-spacer-inner\"><\/div>\n\t\t<\/div>\n\t\t\t\t<\/div>\n\t\t\t\t<\/div>\n\t\t\t\t<div class=\"elementor-element elementor-element-b7927ac elementor-widget elementor-widget-text-editor\" data-id=\"b7927ac\" data-element_type=\"widget\" data-widget_type=\"text-editor.default\">\n\t\t\t\t<div class=\"elementor-widget-container\">\n\t\t\t\t\t<div class=\"elementor-text-editor elementor-clearfix\"><h6><b>Expert dans la valorisation et commercialisation de chevaux de sport, C\u00e9dric assure un travail rigoureux en respectant l\u2019int\u00e9grit\u00e9 physique et moral du cheval.<\/b><\/h6><p>Possibilit\u00e9 d\u2019entrainer votre cheval de dressage \/ CCE ou CSO sur une courte ou longue dur\u00e9e afin de vous faciliter sa progression mais aussi sa commercialisation gr\u00e2ce \u00e0 notre r\u00e9seau d\u2019experts. Diff\u00e9rente formules d\u2019entrainement sont disponibles.<\/p><\/div>\n\t\t\t\t<\/div>\n\t\t\t\t<\/div>\n\t\t\t\t<div class=\"elementor-element elementor-element-9021e24 elementor-widget elementor-widget-spacer\" data-id=\"9021e24\" data-element_type=\"widget\" data-widget_type=\"spacer.default\">\n\t\t\t\t<div class=\"elementor-widget-container\">\n\t\t\t\t\t<div class=\"elementor-spacer\">\n\t\t\t<div class=\"elementor-spacer-inner\"><\/div>\n\t\t<\/div>\n\t\t\t\t<\/div>\n\t\t\t\t<\/div>\n\t\t\t\t<div class=\"elementor-element elementor-element-d766489 elementor-align-center elementor-widget elementor-widget-button\" data-id=\"d766489\" data-element_type=\"widget\" data-widget_type=\"button.default\">\n\t\t\t\t<div class=\"elementor-widget-container\">\n\t\t\t\t\t<div class=\"elementor-button-wrapper\">\n\t\t\t<a href=\"#\" class=\"elementor-button-link elementor-button elementor-size-lg\" role=\"button\">\n\t\t\t\t\t\t<span class=\"elementor-button-content-wrapper\">\n\t\t\t\t\t\t<span class=\"elementor-button-text\">(Tarifs et conditions sur demande)<\/span>\n\t\t<\/span>\n\t\t\t\t\t<\/a>\n\t\t<\/div>\n\t\t\t\t<\/div>\n\t\t\t\t<\/div>\n\t\t\t\t\t\t<\/div>\n\t\t\t\t\t<\/div>\n\t\t<\/div>\n\t\t\t\t\t\t\t\t<\/div>\n\t\t\t\t\t<\/div>\n\t\t<\/section>\n\t\t\t\t\t\t<\/div>\n\t\t\t\t\t\t<\/div>\n\t\t\t\t\t<\/div>\n\t\t","protected":false},"excerpt":{"rendered":"<p>PENSION VALORISATION &amp; COMMERCIALISATION Expert dans la valorisation et commercialisation de chevaux de sport, C\u00e9dric assure un travail rigoureux en respectant l\u2019int\u00e9grit\u00e9 physique et moral du cheval. Possibilit\u00e9 d\u2019entrainer votre cheval de dressage \/ CCE ou CSO sur une courte ou longue dur\u00e9e afin de vous faciliter sa progression mais aussi sa commercialisation gr\u00e2ce \u00e0<\/p>\n<div><a class=\"btn-filled btn\" href=\"https:\/\/www.cgdressage.fr\/index.php\/pension-valorisation-commercialisation\/\" title=\"PENSION VALORISATION &#038; COMMERCIALISATION\">Lire la suite<\/a><\/div>\n","protected":false},"author":1,"featured_media":0,"parent":0,"menu_order":0,"comment_status":"closed","ping_status":"closed","template":"page-templates\/no-sidebar.php","meta":[],"_links":{"self":[{"href":"https:\/\/www.cgdressage.fr\/index.php\/wp-json\/wp\/v2\/pages\/218"}],"collection":[{"href":"https:\/\/www.cgdressage.fr\/index.php\/wp-json\/wp\/v2\/pages"}],"about":[{"href":"https:\/\/www.cgdressage.fr\/index.php\/wp-json\/wp\/v2\/types\/page"}],"author":[{"embeddable":true,"href":"https:\/\/www.cgdressage.fr\/index.php\/wp-json\/wp\/v2\/users\/1"}],"replies":[{"embeddable":true,"href":"https:\/\/www.cgdressage.fr\/index.php\/wp-json\/wp\/v2\/comments?post=218"}],"version-history":[{"count":14,"href":"https:\/\/www.cgdressage.fr\/index.php\/wp-json\/wp\/v2\/pages\/218\/revisions"}],"predecessor-version":[{"id":881,"href":"https:\/\/www.cgdressage.fr\/index.php\/wp-json\/wp\/v2\/pages\/218\/revisions\/881"}],"wp:attachment":[{"href":"https:\/\/www.cgdressage.fr\/index.php\/wp-json\/wp\/v2\/media?parent=218"}],"curies":[{"name":"wp","href":"https:\/\/api.w.org\/{rel}","templated":true}]}}